me factors of 28651.
7, 4093
List the prime factors of 48070.
2, 5, 11, 19, 23
List the prime factors of 8677.
8677
What are the prime factors of 4502?
2, 2251
What are the prime factors of 22254?
2, 3, 3709
List the prime factors of 3496.
2, 19, 23
What are the prime factors of 6792?
2, 3, 283
List the prime factors of 3863.
3863
What are the prime factors of 27762?
2, 3, 7, 661
What are the prime factors of 122589?
3, 53, 257
What are the prime factors of 234?
2, 3, 13
What are the prime factors of 394?
2, 197
List the prime factors of 47210.
2, 5, 4721
What are the prime factors of 83818?
2, 7, 5987
List the prime factors of 64876.
2, 7, 331
What are the prime factors of 1249?
1249
What are the prime factors of 1148?
2, 7, 41
List the prime factors of 11.
11
What are the prime factors of 11113?
11113
What are the prime factors of 933?
3, 311
What are the prime factors of 959?
7, 137
What are the prime factors of 51?
3, 17
What are the prime factors of 19021?
23, 827
What are the prime factors of 15914?
2, 73, 109
List the prime factors of 23341.
17, 1373
List the prime factors of 1989.
3, 13, 17
List the prime factors of 7745.
5, 1549
What are the prime factors of 16638?
2, 3, 47, 59
What are the prime factors of 896?
2, 7
What are the prime factors of 33479?
33479
What are the prime factors of 15334?
2, 11, 17, 41
List the prime factors of 87057.
3, 17, 569
List the prime factors of 2106.
2, 3, 13
What are the prime factors of 42158?
2, 107, 197
List the prime factors of 6103.
17, 359
List the prime factors of 424.
2, 53
List the prime factors of 11375.
5, 7, 13
List the prime factors of 2182.
2, 1091
What are the prime factors of 5093?
11, 463
List the prime factors of 40499.
40499
List the prime factors of 26609.
11, 41, 59
What are the prime factors of 1124?
2, 281
List the prime factors of 350.
2, 5, 7
List the prime factors of 899.
29, 31
List the prime factors of 21188.
2, 5297
What are the prime factors of 1674?
2, 3, 31
List the prime factors of 5276.
2, 1319
What are the prime factors of 11664?
2, 3
What are the prime factors of 591?
3, 197
What are the prime factors of 17161?
131
What are the prime factors of 975?
3, 5, 13
What are the prime factors of 4060?
2, 5, 7, 29
List the prime factors of 116543.
7, 16649
List the prime factors of 3765.
3, 5, 251
List the prime factors of 2088.
2, 3, 29
What are the prime factors of 8466?
2, 3, 17, 83
What are the prime factors of 2128?
2, 7, 19
List the prime factors of 149.
149
What are the prime factors of 1565?
5, 313
List the prime factors of 1110.
2, 3, 5, 37
What are the prime factors of 67581?
3, 2503
What are the prime factors of 10740?
2, 3, 5, 179
What are the prime factors of 3813?
3, 31, 41
What are the prime factors of 8494?
2, 31, 137
List the prime factors of 79538.
2, 39769
List the prime factors of 473.
11, 43
What are the prime factors of 5574?
2, 3, 929
What are the prime factors of 1294?
2, 647
List the prime factors of 7157.
17, 421
List the prime factors of 3224.
2, 13, 31
What are the prime factors of 333?
3, 37
What are the prime factors of 43472?
2, 11, 13, 19
What are the prime factors of 13614?
2, 3, 2269
List the prime factors of 980.
2, 5, 7
What are the prime factors of 126?
2, 3, 7
List the prime factors of 36910.
2, 5, 3691
What are the prime factors of 6156?
2, 3, 19
List the prime factors of 525.
3, 5, 7
List the prime factors of 21962.
2, 79, 139
What are the prime factors of 9247?
7, 1321
What are the prime factors of 5018?
2, 13, 193
List the prime factors of 58029.
3, 23, 29
List the prime factors of 13576.
2, 1697
List the prime factors of 11243.
11243
What are the prime factors of 20847?
3, 6949
List the prime factors of 4272.
2, 3, 89
List the prime factors of 1583.
1583
List the prime factors of 5390.
2, 5, 7, 11
What are the prime factors of 8887?
8887
List the prime factors of 93468.
2, 3, 7789
List the prime factors of 15958.
2, 79, 101
List the prime factors of 48203.
19, 43, 59
What are the prime factors of 101439?
3, 13, 17
List the prime factors of 5792.
2, 181
List the prime factors of 18.
2, 3
What are the prime factors of 11215?
5, 2243
What are the prime factors of 16267?
16267
What are the prime factors of 14081?
14081
What are the prime factors of 115957?
17, 19, 359
List the prime factors of 977.
977
What are the prime factors of 28679?
7, 17, 241
List the prime factors of 4487.
7, 641
List the prime factors of 1790.
2, 5, 179
What are the prime factors of 733?
733
List the prime factors of 39345.
3, 5, 43, 61
List the prime factors of 1111.
11, 101
List the prime factors of 915.
3, 5, 61
What are the prime factors of 1036?
2, 7, 37
What are the prime factors of 4265?
5, 853
List the prime factors of 18866.
2, 9433
List the prime factors of 60906.
2, 3, 10151
List the prime factors of 923.
13, 71
List the prime factors of 625.
5
List the prime factors of 99319.
11, 9029
What are the prime factors of 1788?
2, 3, 149
What are the prime factors of 137253?
3, 45751
List the prime factors of 632.
2, 79
What are the prime factors of 44506?
2, 7, 11, 17
What are the prime factors of 44639?
7, 911
List the prime factors of 659.
659
What are the prime factors of 436?
2, 109
List the prime factors of 346.
2, 173
What are the prime factors of 32518?
2, 71, 229
List the prime factors of 58.
2, 29
What are the prime factors of 61167?
3, 20389
List the prime factors of 2769.
3, 13, 71
What are the prime factors of 2159?
17, 127
What are the prime factors of 13726?
2, 6863
What are the prime factors of 12750?
2, 3, 5, 17
List the prime factors of 8917.
37, 241
What are the prime factors of 30247?
7, 29, 149
List the prime factors of 19428.
2, 3, 1619
What are the prime factors of 1107?
3, 41
What are the prime factors of 511?
7, 73
What are the prime factors of 67628?
2, 11, 29, 53
List the prime factors of 43635.
3, 5, 2909
List the prime factors of 42752.
2, 167
List the prime factors of 76529.
103, 743
What are the prime factors of 43776?
2, 3, 19
What are the prime factors of 638?
2, 11, 29
List the prime factors of 14012.
2, 31, 113
What are the prime factors of 125785?
5, 11, 2287
List the prime factors of 4555.
5, 911
List the prime factors of 158.
2, 79
What are the prime factors of 28704?
2, 3, 13, 23
List the prime factors of 2438.
2, 23, 53
What are the prime factors of 29739?
3, 23, 431
List the prime factors of 12948.
2, 3, 13, 83
What are the prime factors of 3301?
3301
What are the prime factors of 59517?
3, 17, 389
List the prime factors of 36594.
2, 3, 19, 107
What are the prime factors of 5752?
2, 719
What are the prime factors of 18084?
2, 3, 11, 137
What are the prime factors of 155909?
13, 67, 179
What are the prime factors of 27963?
3, 13, 239
What are the prime factors of 3097?
19, 163
List the prime factors of 27595.
5, 5519
List the prime factors of 1093.
1093
What are the prime factors of 64295?
5, 7, 11, 167
What are the prime factors of 4854?
2, 3, 809
What are the prime factors of 40367?
37, 1091
List the prime factors of 12636.
2, 3, 13
What are the prime factors of 1037?
17, 61
List the prime factors of 59432.
2, 17, 19, 23
List the prime factors of 3761.
3761
List the prime factors of 13313.
13313
What are the prime factors of 2855?
5, 571
What are the prime factors of 25?
5
List the prime factors of 1721.
1721
List the prime factors of 70911.
3, 7879
List the prime factors of 609.
3, 7, 29
What are the prime factors of 5320?
2, 5, 7, 19
What are the prime factors of 36135?
3, 5, 11, 73
What are the prime factors of 800?
2, 5
What are the prime factors of 38930?
2, 5, 17, 229
List the prime factors of 4189.
59, 71
What are the prime factors of 89394?
2, 3, 47, 317
What are the prime factors of 4094?
2, 23, 89
List the prime factors of 32997.
3, 17, 647
List the prime factors of 403.
13, 31
What are the prime factors of 311?
311
List the prime factors of 3670.
2, 5, 367
What are the prime factors of 616?
2, 7, 11
What are the prime factors of 1135?
5, 227
List the prime factors of 465.
3, 5, 31
List the prime factors of 22813.
7, 3259
What are the prime factors of 367?
367
What are the prime factors of 4608?
2, 3
List the prime factors of 20458.
2, 53, 193
List the prime factors of 2943.
3, 109
What are the prime